{"id":32,"date":"2025-01-21T16:15:40","date_gmt":"2025-01-21T16:15:40","guid":{"rendered":"https:\/\/homologacao.confortbrisa.com.br\/wpstaging\/?page_id=32"},"modified":"2025-09-29T08:01:28","modified_gmt":"2025-09-29T11:01:28","slug":"servicos","status":"publish","type":"page","link":"https:\/\/homologacao.confortbrisa.com.br\/wpstaging\/servicos\/","title":{"rendered":"Servi\u00e7os"},"content":{"rendered":"","protected":false},"excerpt":{"rendered":"<p>Na Ecobrisa Solu\u00e7\u00f5es, oferecemos um portf\u00f3lio completo de servi\u00e7os de climatiza\u00e7\u00e3o evaporativa, focado em proporcionar conforto t\u00e9rmico com efici\u00eancia e sustentabilidade. Nossos servi\u00e7os s\u00e3o personalizados de acordo com as necessidades espec\u00edficas de cada cliente e ambiente, garantindo solu\u00e7\u00f5es eficazes para diferentes setores. Conhe\u00e7a mais sobre nossos servi\u00e7os de loca\u00e7\u00e3o, instala\u00e7\u00e3o e manuten\u00e7\u00e3o de climatizadores.<\/p>\n","protected":false},"author":1,"featured_media":1380,"parent":0,"menu_order":4,"comment_status":"closed","ping_status":"closed","template":"","meta":{"_joinchat":[],"footnotes":""},"class_list":["post-32","page","type-page","status-publish","has-post-thumbnail","hentry"],"blocksy_meta":[],"_links":{"self":[{"href":"https:\/\/homologacao.confortbrisa.com.br\/wpstaging\/wp-json\/wp\/v2\/pages\/32","targetHints":{"allow":["GET"]}}],"collection":[{"href":"https:\/\/homologacao.confortbrisa.com.br\/wpstaging\/wp-json\/wp\/v2\/pages"}],"about":[{"href":"https:\/\/homologacao.confortbrisa.com.br\/wpstaging\/wp-json\/wp\/v2\/types\/page"}],"author":[{"embeddable":true,"href":"https:\/\/homologacao.confortbrisa.com.br\/wpstaging\/wp-json\/wp\/v2\/users\/1"}],"replies":[{"embeddable":true,"href":"https:\/\/homologacao.confortbrisa.com.br\/wpstaging\/wp-json\/wp\/v2\/comments?post=32"}],"version-history":[{"count":1,"href":"https:\/\/homologacao.confortbrisa.com.br\/wpstaging\/wp-json\/wp\/v2\/pages\/32\/revisions"}],"predecessor-version":[{"id":1460,"href":"https:\/\/homologacao.confortbrisa.com.br\/wpstaging\/wp-json\/wp\/v2\/pages\/32\/revisions\/1460"}],"wp:featuredmedia":[{"embeddable":true,"href":"https:\/\/homologacao.confortbrisa.com.br\/wpstaging\/wp-json\/wp\/v2\/media\/1380"}],"wp:attachment":[{"href":"https:\/\/homologacao.confortbrisa.com.br\/wpstaging\/wp-json\/wp\/v2\/media?parent=32"}],"curies":[{"name":"wp","href":"https:\/\/api.w.org\/{rel}","templated":true}]}}